{"id":1238,"date":"2025-06-04T16:46:25","date_gmt":"2025-06-04T14:46:25","guid":{"rendered":"https:\/\/monika-rosenberger.de\/?post_type=tribe_events&#038;p=1238"},"modified":"2025-07-22T18:36:33","modified_gmt":"2025-07-22T16:36:33","slug":"spuren","status":"publish","type":"tribe_events","link":"https:\/\/monika-rosenberger.de\/?tribe_events=spuren","title":{"rendered":"Spuren"},"content":{"rendered":"\n<p class=\"has-text-align-left\"><strong>Verl\u00e4ngerung!!!!<\/strong><\/p>\n\n\n<div  class=\"tribe-events-schedule tribe-clearfix\" >\n\t<p class=\"tribe-events-schedule__datetime\">\n\t\t<span class=\"tribe-events-schedule__date tribe-events-schedule__date--start\">\n\t\t\t14. Juni 2025\t\t<\/span>\n\n\t\t\t\t\t<span class=\"tribe-events-schedule__separator tribe-events-schedule__separator--date\">\n\t\t\t\t um \t\t\t<\/span>\n\t\t\t<span class=\"tribe-events-schedule__time tribe-events-schedule__time--start\">\n\t\t\t\t8:00\t\t\t<\/span>\n\t\t\n\t\t\t\t\t\t\t\t\t<span class=\"tribe-events-schedule__separator tribe-events-schedule__separator--time\">\n\t\t\t\t\t &#8211; \t\t\t\t<\/span>\n\t\t\t\n\t\t\t\t\t\t\t<span class=\"tribe-events-schedule__date tribe-events-schedule__date--end\">\n\t\t\t\t\t3. August 2025\t\t\t\t<\/span>\n\n\t\t\t\t\t\t\t\t\t<span class=\"tribe-events-schedule__separator tribe-events-schedule__separator--date\">\n\t\t\t\t\t\t um \t\t\t\t\t<\/span>\n\t\t\t\t\t<span class=\"tribe-events-schedule__time tribe-events-schedule__time--end\">\n\t\t\t\t\t\t17:00\t\t\t\t\t<\/span>\n\t\t\t\t\n\t\t\t\n\t\t\t\t\t\t<\/p>\n<\/div>\n\n\n\n<p>K\u00fcnstlerInnen des VBKW stellen aus<br>vom 14.6. \u2013 27.7.2025<br>Lioba Abrell, Beate Bitterwolf, Eva Baumgartl,<br>Carla Chlebarov, Alexandra Gebhart, D. A. Marbach,<br>Sabine Lipsky-Spie\u00df, Monika Rosenberger, Petra<br>Rosenthal, Johanna Schuster, Siegi Sonntag, Jolanta<br>Switajski, Franziska Teufel, Ursula Luise Walz<br><br><\/p>\n\n\n\n<p>Zur Er\u00f6ffnung der Ausstellung<br>K\u00fcnstlerinnen des VBKW<br>Verband Bildender K\u00fcnstler und K\u00fcnstlerinnen Baden-W\u00fcrttemberg<br>am Samstag, den 14.6.25 um 17 Uhr<br>laden wir Sie und Ihre Freunde herzlich ein.<br>Musik: Thomas Lutz, Gitarre<br>Rede: Carina Sch\u00e4fer, Kunsthistorikerin<br>Wir freuen uns auf Ihr Kommen.<\/p>\n\n\n\n<p>Galerie im Altbau, Uhlandstra\u00dfe 32, 78554 Aldingen                            \u00d6ffnungszeiten: Do-So 14:00 &#8211; 18:00 Uhr<\/p>\n\n\n<div  class=\"tribe-block tribe-block__event-price\" >\n\t\t<\/div>\n\n\n\n\n<div  class=\"tribe-block tribe-block__venue tribe-clearfix\" >\n\t\n\t\t\n\t<\/div>\n\n\n\n\n\t<div  class=\"tribe-block tribe-block__events-link\" >\n\t\t<div class=\"tribe-events tribe-common\">\n\t\t\t<div class=\"tribe-events-c-subscribe-dropdown__container\">\n\t\t\t\t<div class=\"tribe-events-c-subscribe-dropdown\">\n\t\t\t\t\t<div class=\"tribe-common-c-btn-border tribe-events-c-subscribe-dropdown__button\">\n\t\t\t\t\t\t<svg\n\t class=\"tribe-common-c-svgicon tribe-common-c-svgicon--cal-export tribe-events-c-subscribe-dropdown__export-icon\" \taria-hidden=\"true\"\n\tviewBox=\"0 0 23 17\"\n\txmlns=\"http:\/\/www.w3.org\/2000\/svg\"\n>\n\t<path fill-rule=\"evenodd\" clip-rule=\"evenodd\" d=\"M.128.896V16.13c0 .211.145.383.323.383h15.354c.179 0 .323-.172.323-.383V.896c0-.212-.144-.383-.323-.383H.451C.273.513.128.684.128.896Zm16 6.742h-.901V4.679H1.009v10.729h14.218v-3.336h.901V7.638ZM1.01 1.614h14.218v2.058H1.009V1.614Z\" \/>\n\t<path d=\"M20.5 9.846H8.312M18.524 6.953l2.89 2.909-2.855 2.855\" stroke-width=\"1.2\" stroke-linecap=\"round\" stroke-linejoin=\"round\"\/>\n<\/svg>\n\t\t\t\t\t\t<button\n\t\t\t\t\t\t\tclass=\"tribe-events-c-subscribe-dropdown__button-text\"\n\t\t\t\t\t\t\taria-expanded=\"false\"\n\t\t\t\t\t\t\taria-controls=\"tribe-events-subscribe-dropdown-content\"\n\t\t\t\t\t\t\taria-label=\"Zeigen Sie Links an um Veranstaltungen zu Ihrem Kalender hinzuzuf\u00fcgen\"\n\t\t\t\t\t\t>\n\t\t\t\t\t\t\tZum Kalender hinzuf\u00fcgen\t\t\t\t\t\t<\/button>\n\t\t\t\t\t\t<svg\n\t class=\"tribe-common-c-svgicon tribe-common-c-svgicon--caret-down tribe-events-c-subscribe-dropdown__button-icon\" \taria-hidden=\"true\"\n\tviewBox=\"0 0 10 7\"\n\txmlns=\"http:\/\/www.w3.org\/2000\/svg\"\n>\n\t<path fill-rule=\"evenodd\" clip-rule=\"evenodd\" d=\"M1.008.609L5 4.6 8.992.61l.958.958L5 6.517.05 1.566l.958-.958z\" class=\"tribe-common-c-svgicon__svg-fill\"\/>\n<\/svg>\n\t\t\t\t\t<\/div>\n\t\t\t\t\t<div id=\"tribe-events-subscribe-dropdown-content\" class=\"tribe-events-c-subscribe-dropdown__content\">\n\t\t\t\t\t\t<ul class=\"tribe-events-c-subscribe-dropdown__list\">\n\t\t\t\t\t\t\t\t\t\t\t\t\t\t\t<li class=\"tribe-events-c-subscribe-dropdown__list-item tribe-events-c-subscribe-dropdown__list-item--gcal\">\n\t\t\t\t\t\t\t\t\t<a\n\t\t\t\t\t\t\t\t\t\thref=\"https:\/\/www.google.com\/calendar\/event?action=TEMPLATE&#038;dates=20250614T080000\/20250803T170000&#038;text=Spuren&#038;details=%3Cp+class%3D%22has-text-align-left%22%3E%3Cstrong%3EVerl%C3%A4ngerung%21%21%21%21%3C%2Fstrong%3E%3C%2Fp%3E+%3Cp%3EK%C3%BCnstlerInnen+des+VBKW+stellen+aus%3Cbr%3Evom+14.6.+%E2%80%93+27.7.2025%3Cbr%3ELioba+Abrell%2C+Beate+Bitterwolf%2C+Eva+Baumgartl%2C%3Cbr%3ECarla+Chlebarov%2C+Alexandra+Gebhart%2C+D.+A.+Marbach%2C%3Cbr%3ESabine+Lipsky-Spie%C3%9F%2C+Monika+Rosenberger%2C+Petra%3Cbr%3ERosenthal%2C+Johanna+Schuster%2C+Siegi+Sonntag%2C+Jolanta%3Cbr%3ESwitajski%2C+Franziska+Teufel%2C+Ursula+Luise+Walz%3Cbr%3E%3Cbr%3E%3C%2Fp%3E+%3Cp%3EZur+Er%C3%B6ffnung+der+Ausstellung%3Cbr%3EK%C3%BCnstlerinnen+des+VBKW%3Cbr%3EVerband+Bildender+K%C3%BCnstler+und+K%C3%BCnstlerinnen+Baden-W%C3%BCrttemberg%3Cbr%3Eam+Samstag%2C+den+14.6.25+um+17+Uhr%3Cbr%3Eladen+wir+Sie+und+Ihre+Freunde+herzlich+ein.%3Cbr%3EMusik%3A+Thomas+Lutz%2C+Gitarre%3Cbr%3ERede%3A+Carina+Sch%C3%A4fer%2C+Kunsthistorikerin%3Cbr%3EWir+freuen+uns+auf+Ihr+Kommen.%3C%2Fp%3E+%3Cp%3EGalerie+im+Altbau%2C+Uhlandstra%C3%9Fe+32%2C+78554+Aldingen++++++++++++++++++++++++++++%C3%96ffnungszeiten%3A+Do-So+14%3A00+-+18%3A00+Uhr%3C%2Fp%3E+&#038;trp=false&#038;ctz=Europe\/Berlin&#038;sprop=website:https:\/\/monika-rosenberger.de\"\n\t\t\t\t\t\t\t\t\t\tclass=\"tribe-events-c-subscribe-dropdown__list-item-link\"\n\t\t\t\t\t\t\t\t\t\ttarget=\"_blank\"\n\t\t\t\t\t\t\t\t\t\trel=\"noopener noreferrer nofollow noindex\"\n\t\t\t\t\t\t\t\t\t>\n\t\t\t\t\t\t\t\t\t\tGoogle Kalender\t\t\t\t\t\t\t\t\t<\/a>\n\t\t\t\t\t\t\t\t<\/li>\n\t\t\t\t\t\t\t\t\t\t\t\t\t\t\t<li class=\"tribe-events-c-subscribe-dropdown__list-item tribe-events-c-subscribe-dropdown__list-item--ical\">\n\t\t\t\t\t\t\t\t\t<a\n\t\t\t\t\t\t\t\t\t\thref=\"\"\n\t\t\t\t\t\t\t\t\t\tclass=\"tribe-events-c-subscribe-dropdown__list-item-link\"\n\t\t\t\t\t\t\t\t\t\ttarget=\"_blank\"\n\t\t\t\t\t\t\t\t\t\trel=\"noopener noreferrer nofollow noindex\"\n\t\t\t\t\t\t\t\t\t>\n\t\t\t\t\t\t\t\t\t\tiCalendar\t\t\t\t\t\t\t\t\t<\/a>\n\t\t\t\t\t\t\t\t<\/li>\n\t\t\t\t\t\t\t\t\t\t\t\t\t\t\t<li class=\"tribe-events-c-subscribe-dropdown__list-item tribe-events-c-subscribe-dropdown__list-item--outlook-365\">\n\t\t\t\t\t\t\t\t\t<a\n\t\t\t\t\t\t\t\t\t\thref=\"\"\n\t\t\t\t\t\t\t\t\t\tclass=\"tribe-events-c-subscribe-dropdown__list-item-link\"\n\t\t\t\t\t\t\t\t\t\ttarget=\"_blank\"\n\t\t\t\t\t\t\t\t\t\trel=\"noopener noreferrer nofollow noindex\"\n\t\t\t\t\t\t\t\t\t>\n\t\t\t\t\t\t\t\t\t\tOutlook 365\t\t\t\t\t\t\t\t\t<\/a>\n\t\t\t\t\t\t\t\t<\/li>\n\t\t\t\t\t\t\t\t\t\t\t\t\t\t\t<li class=\"tribe-events-c-subscribe-dropdown__list-item tribe-events-c-subscribe-dropdown__list-item--outlook-live\">\n\t\t\t\t\t\t\t\t\t<a\n\t\t\t\t\t\t\t\t\t\thref=\"\"\n\t\t\t\t\t\t\t\t\t\tclass=\"tribe-events-c-subscribe-dropdown__list-item-link\"\n\t\t\t\t\t\t\t\t\t\ttarget=\"_blank\"\n\t\t\t\t\t\t\t\t\t\trel=\"noopener noreferrer nofollow noindex\"\n\t\t\t\t\t\t\t\t\t>\n\t\t\t\t\t\t\t\t\t\tOutlook Live\t\t\t\t\t\t\t\t\t<\/a>\n\t\t\t\t\t\t\t\t<\/li>\n\t\t\t\t\t\t\t\t\t\t\t\t\t<\/ul>\n\t\t\t\t\t<\/div>\n\t\t\t\t<\/div>\n\t\t\t<\/div>\n\t\t<\/div>\n\t<\/div>\n\n","protected":false},"excerpt":{"rendered":"<p>Verl\u00e4ngerung!!!! K\u00fcnstlerInnen des VBKW stellen ausvom 14.6. \u2013 27.7.2025Lioba Abrell, Beate Bitterwolf, Eva Baumgartl,Carla Chlebarov, Alexandra Gebhart, D. A. Marbach,Sabine Lipsky-Spie\u00df, Monika Rosenberger, PetraRosenthal, Johanna Schuster, Siegi Sonntag, JolantaSwitajski, Franziska &hellip; <\/p>\n<p class=\"link-more\"><a href=\"https:\/\/monika-rosenberger.de\/?tribe_events=spuren\" class=\"more-link\"><span class=\"screen-reader-text\">\u201eSpuren\u201c <\/span>weiterlesen<\/a><\/p>\n","protected":false},"author":2,"featured_media":1265,"template":"","meta":{"_EventAllDay":false,"_EventTimezone":"Europe\/Berlin","_EventStartDate":"2025-06-14 08:00:00","_EventEndDate":"2025-08-03 17:00:00","_EventStartDateUTC":"2025-06-14 06:00:00","_EventEndDateUTC":"2025-08-03 15:00:00","_EventShowMap":false,"_EventShowMapLink":false,"_EventURL":"","_EventCost":"","_EventCostDescription":"","_EventCurrencySymbol":"\u20ac","_EventCurrencyCode":"USD","_EventCurrencyPosition":"prefix","_EventDateTimeSeparator":" um ","_EventTimeRangeSeparator":" - ","_EventOrganizerID":[],"_EventVenueID":[],"_OrganizerEmail":"","_OrganizerPhone":"","_OrganizerWebsite":"","_VenueAddress":"","_VenueCity":"","_VenueCountry":"","_VenueProvince":"","_VenueState":"","_VenueZip":"","_VenuePhone":"","_VenueURL":"","_VenueStateProvince":"","_VenueLat":"","_VenueLng":"","_VenueShowMap":false,"_VenueShowMapLink":false,"_tribe_events_status":"","_tribe_events_status_reason":"","footnotes":""},"tags":[],"tribe_events_cat":[],"class_list":["post-1238","tribe_events","type-tribe_events","status-publish","has-post-thumbnail","hentry"],"_links":{"self":[{"href":"https:\/\/monika-rosenberger.de\/index.php?rest_route=\/wp\/v2\/tribe_events\/1238","targetHints":{"allow":["GET"]}}],"collection":[{"href":"https:\/\/monika-rosenberger.de\/index.php?rest_route=\/wp\/v2\/tribe_events"}],"about":[{"href":"https:\/\/monika-rosenberger.de\/index.php?rest_route=\/wp\/v2\/types\/tribe_events"}],"author":[{"embeddable":true,"href":"https:\/\/monika-rosenberger.de\/index.php?rest_route=\/wp\/v2\/users\/2"}],"version-history":[{"count":4,"href":"https:\/\/monika-rosenberger.de\/index.php?rest_route=\/wp\/v2\/tribe_events\/1238\/revisions"}],"predecessor-version":[{"id":1269,"href":"https:\/\/monika-rosenberger.de\/index.php?rest_route=\/wp\/v2\/tribe_events\/1238\/revisions\/1269"}],"wp:featuredmedia":[{"embeddable":true,"href":"https:\/\/monika-rosenberger.de\/index.php?rest_route=\/wp\/v2\/media\/1265"}],"wp:attachment":[{"href":"https:\/\/monika-rosenberger.de\/index.php?rest_route=%2Fwp%2Fv2%2Fmedia&parent=1238"}],"wp:term":[{"taxonomy":"post_tag","embeddable":true,"href":"https:\/\/monika-rosenberger.de\/index.php?rest_route=%2Fwp%2Fv2%2Ftags&post=1238"},{"taxonomy":"tribe_events_cat","embeddable":true,"href":"https:\/\/monika-rosenberger.de\/index.php?rest_route=%2Fwp%2Fv2%2Ftribe_events_cat&post=1238"}],"curies":[{"name":"wp","href":"https:\/\/api.w.org\/{rel}","templated":true}]}}

<p class="has-text-align-left"><strong>Verlängerung!!!!</strong></p>


<div  class="tribe-events-schedule tribe-clearfix" >
	<p class="tribe-events-schedule__datetime">
		<span class="tribe-events-schedule__date tribe-events-schedule__date--start">
			14. Juni 2025		</span>

					<span class="tribe-events-schedule__separator tribe-events-schedule__separator--date">
				 um 			</span>
			<span class="tribe-events-schedule__time tribe-events-schedule__time--start">
				8:00			</span>
		
									<span class="tribe-events-schedule__separator tribe-events-schedule__separator--time">
					 &#8211; 				</span>
			
							<span class="tribe-events-schedule__date tribe-events-schedule__date--end">
					3. August 2025				</span>

									<span class="tribe-events-schedule__separator tribe-events-schedule__separator--date">
						 um 					</span>
					<span class="tribe-events-schedule__time tribe-events-schedule__time--end">
						17:00					</span>
				
			
						</p>
</div>



<p>KünstlerInnen des VBKW stellen aus<br>vom 14.6. – 27.7.2025<br>Lioba Abrell, Beate Bitterwolf, Eva Baumgartl,<br>Carla Chlebarov, Alexandra Gebhart, D. A. Marbach,<br>Sabine Lipsky-Spieß, Monika Rosenberger, Petra<br>Rosenthal, Johanna Schuster, Siegi Sonntag, Jolanta<br>Switajski, Franziska Teufel, Ursula Luise Walz<br><br></p>



<p>Zur Eröffnung der Ausstellung<br>Künstlerinnen des VBKW<br>Verband Bildender Künstler und Künstlerinnen Baden-Württemberg<br>am Samstag, den 14.6.25 um 17 Uhr<br>laden wir Sie und Ihre Freunde herzlich ein.<br>Musik: Thomas Lutz, Gitarre<br>Rede: Carina Schäfer, Kunsthistorikerin<br>Wir freuen uns auf Ihr Kommen.</p>



<p>Galerie im Altbau, Uhlandstraße 32, 78554 Aldingen                            Öffnungszeiten: Do-So 14:00 &#8211; 18:00 Uhr</p>


<div  class="tribe-block tribe-block__event-price" >
		</div>




<div  class="tribe-block tribe-block__venue tribe-clearfix" >
	
		
	</div>




	<div  class="tribe-block tribe-block__events-link" >
		<div class="tribe-events tribe-common">
			<div class="tribe-events-c-subscribe-dropdown__container">
				<div class="tribe-events-c-subscribe-dropdown">
					<div class="tribe-common-c-btn-border tribe-events-c-subscribe-dropdown__button">
						<svg
	 class="tribe-common-c-svgicon tribe-common-c-svgicon--cal-export tribe-events-c-subscribe-dropdown__export-icon" 	aria-hidden="true"
	viewBox="0 0 23 17"
	xmlns="http://www.w3.org/2000/svg"
>
	<path fill-rule="evenodd" clip-rule="evenodd" d="M.128.896V16.13c0 .211.145.383.323.383h15.354c.179 0 .323-.172.323-.383V.896c0-.212-.144-.383-.323-.383H.451C.273.513.128.684.128.896Zm16 6.742h-.901V4.679H1.009v10.729h14.218v-3.336h.901V7.638ZM1.01 1.614h14.218v2.058H1.009V1.614Z" />
	<path d="M20.5 9.846H8.312M18.524 6.953l2.89 2.909-2.855 2.855" stroke-width="1.2" stroke-linecap="round" stroke-linejoin="round"/>
</svg>
						<button
							class="tribe-events-c-subscribe-dropdown__button-text"
							aria-expanded="false"
							aria-controls="tribe-events-subscribe-dropdown-content"
							aria-label="Zeigen Sie Links an um Veranstaltungen zu Ihrem Kalender hinzuzufügen"
						>
							Zum Kalender hinzufügen						</button>
						<svg
	 class="tribe-common-c-svgicon tribe-common-c-svgicon--caret-down tribe-events-c-subscribe-dropdown__button-icon" 	aria-hidden="true"
	viewBox="0 0 10 7"
	xmlns="http://www.w3.org/2000/svg"
>
	<path fill-rule="evenodd" clip-rule="evenodd" d="M1.008.609L5 4.6 8.992.61l.958.958L5 6.517.05 1.566l.958-.958z" class="tribe-common-c-svgicon__svg-fill"/>
</svg>
					</div>
					<div id="tribe-events-subscribe-dropdown-content" class="tribe-events-c-subscribe-dropdown__content">
						<ul class="tribe-events-c-subscribe-dropdown__list">
															<li class="tribe-events-c-subscribe-dropdown__list-item tribe-events-c-subscribe-dropdown__list-item--gcal">
									<a
										href="https://www.google.com/calendar/event?action=TEMPLATE&#038;dates=20250614T080000/20250803T170000&#038;text=Spuren&#038;details=%3Cp+class%3D%22has-text-align-left%22%3E%3Cstrong%3EVerl%C3%A4ngerung%21%21%21%21%3C%2Fstrong%3E%3C%2Fp%3E+%3Cp%3EK%C3%BCnstlerInnen+des+VBKW+stellen+aus%3Cbr%3Evom+14.6.+%E2%80%93+27.7.2025%3Cbr%3ELioba+Abrell%2C+Beate+Bitterwolf%2C+Eva+Baumgartl%2C%3Cbr%3ECarla+Chlebarov%2C+Alexandra+Gebhart%2C+D.+A.+Marbach%2C%3Cbr%3ESabine+Lipsky-Spie%C3%9F%2C+Monika+Rosenberger%2C+Petra%3Cbr%3ERosenthal%2C+Johanna+Schuster%2C+Siegi+Sonntag%2C+Jolanta%3Cbr%3ESwitajski%2C+Franziska+Teufel%2C+Ursula+Luise+Walz%3Cbr%3E%3Cbr%3E%3C%2Fp%3E+%3Cp%3EZur+Er%C3%B6ffnung+der+Ausstellung%3Cbr%3EK%C3%BCnstlerinnen+des+VBKW%3Cbr%3EVerband+Bildender+K%C3%BCnstler+und+K%C3%BCnstlerinnen+Baden-W%C3%BCrttemberg%3Cbr%3Eam+Samstag%2C+den+14.6.25+um+17+Uhr%3Cbr%3Eladen+wir+Sie+und+Ihre+Freunde+herzlich+ein.%3Cbr%3EMusik%3A+Thomas+Lutz%2C+Gitarre%3Cbr%3ERede%3A+Carina+Sch%C3%A4fer%2C+Kunsthistorikerin%3Cbr%3EWir+freuen+uns+auf+Ihr+Kommen.%3C%2Fp%3E+%3Cp%3EGalerie+im+Altbau%2C+Uhlandstra%C3%9Fe+32%2C+78554+Aldingen++++++++++++++++++++++++++++%C3%96ffnungszeiten%3A+Do-So+14%3A00+-+18%3A00+Uhr%3C%2Fp%3E+&#038;trp=false&#038;ctz=Europe/Berlin&#038;sprop=website:https://monika-rosenberger.de"
										class="tribe-events-c-subscribe-dropdown__list-item-link"
										target="_blank"
										rel="noopener noreferrer nofollow noindex"
									>
										Google Kalender									</a>
								</li>
															<li class="tribe-events-c-subscribe-dropdown__list-item tribe-events-c-subscribe-dropdown__list-item--ical">
									<a
										href=""
										class="tribe-events-c-subscribe-dropdown__list-item-link"
										target="_blank"
										rel="noopener noreferrer nofollow noindex"
									>
										iCalendar									</a>
								</li>
															<li class="tribe-events-c-subscribe-dropdown__list-item tribe-events-c-subscribe-dropdown__list-item--outlook-365">
									<a
										href=""
										class="tribe-events-c-subscribe-dropdown__list-item-link"
										target="_blank"
										rel="noopener noreferrer nofollow noindex"
									>
										Outlook 365									</a>
								</li>
															<li class="tribe-events-c-subscribe-dropdown__list-item tribe-events-c-subscribe-dropdown__list-item--outlook-live">
									<a
										href=""
										class="tribe-events-c-subscribe-dropdown__list-item-link"
										target="_blank"
										rel="noopener noreferrer nofollow noindex"
									>
										Outlook Live									</a>
								</li>
													</ul>
					</div>
				</div>
			</div>
		</div>
	</div>

<p>Verlängerung!!!! KünstlerInnen des VBKW stellen ausvom 14.6. – 27.7.2025Lioba Abrell, Beate Bitterwolf, Eva Baumgartl,Carla Chlebarov, Alexandra Gebhart, D. A. Marbach,Sabine Lipsky-Spieß, Monika Rosenberger, PetraRosenthal, Johanna Schuster, Siegi Sonntag, JolantaSwitajski, Franziska &hellip; </p>
<p class="link-more"><a href="https://monika-rosenberger.de/?tribe_events=spuren" class="more-link"><span class="screen-reader-text">„Spuren“ </span>weiterlesen</a></p>
